= -3*r. What is the highest common factor of r and 4?
4
Let s be 8/20*-23*-5. Calculate the greatest common factor of s and 115.
23
Suppose 3*m + 265 = -2*m. Let n = m - -91. Calculate the greatest common divisor of n and 57.
19
Let s(c) = -c**2 - 11*c + 11. Let l be s(-12). Let z be (-33)/(-9) + l/(-3). Calculate the greatest common factor of z and 28.
4
Let w = 29 + -23. What is the highest common divisor of 4 and w?
2
Let n be (1 + 0 - -21) + -2. What is the greatest common factor of n and 220?
20
Let r(d) = 2*d + 4. Suppose -4 = -3*c + 2*c + 4*q, 2*c - 2 = 2*q. Let f be r(c). What is the highest common factor of f and 36?
4
Suppose 5*b = 4*b + 12. Let f = -74 - -170. Calculate the highest common factor of f and b.
12
Let w = 1 + 2. Let z = -5 + 7. Suppose p - w = -z. What is the greatest common divisor of p and 4?
1
Suppose -2*k - 3*k = 40. Let l be -24*(2 - (-22)/k). What is the greatest common factor of l and 2?
2
Suppose -3*r - 6 = -2*b + 2*r, 0 = 3*b - r - 22. What is the greatest common divisor of b and 32?
8
Let v be (-2)/16 + -9*(-76)/96. What is the highest common factor of v and 56?
7
Let z(p) = -p**2 - 33*p - 42. Let i be z(-31). Calculate the highest common factor of 140 and i.
20
Suppose d + 2*c = 5, -4*c = -c. Let m(i) = 36*i - 9. Let r be m(d). What is the highest common divisor of r and 19?
19
Suppose r + 13 = -5*f, 3*f + 10 = -r - f. Calculate the greatest common divisor of r and 10.
2
Let m(f) = 9*f**2 + 2*f + 4. Let r be m(-4). Suppose 4*j + 6 - 14 = 0, -5*j - r = -3*y. Suppose 67 = 5*q - 33. Calculate the greatest common factor of y and q.
10
Suppose -13*w - 48 = -15*w. What is the greatest common divisor of 4 and w?
4
Suppose v = -2*v + 42. Suppose -5*x = v - 49. What is the highest common divisor of 63 and x?
7
Let x(d) = -d**2 - 19*d + 28. Let k be x(-20). Suppose 5*w = 5*q + 1 + 4, -5 = -w - 3*q. Calculate the greatest common factor of k and w.
2
Let u(b) = -461*b + 1. Let n(g) = g**3 - 5*g**2 + 3*g + 3. Let a be n(4). Let d be u(a). Let j = d - 264. Calculate the greatest common divisor of 18 and j.
18
Let v = -7 - -24. What is the highest common divisor of 153 and v?
17
Suppose -2*u + 135 - 19 = 0. Calculate the highest common divisor of 87 and u.
29
Suppose -2*l + 4*l = 6. Suppose -45 = -4*k + l*k. What is the highest common factor of k and 9?
9
Let f be 12/(-8) + 94/4. Suppose -4*u - 8 = -0*u + 4*m, 0 = -4*u + 2*m + f. Calculate the greatest common divisor of 3 and u.
3
Let t = 10 - 5. Suppose -9 = t*l - 154. Suppose -l - 171 = -4*n. Calculate the highest common factor of n and 10.
10
Let y be (-6)/3 + 197 + -5. What is the greatest common divisor of 76 and y?
38
Let h(t) = 3*t + 11. Let d(x) = -2*x - 5. Let s(j) = 7*d(j) + 3*h(j). Let o be s(-2). Let w = 18 - o. Calculate the greatest common factor of w and 25.
5
Let a = -34 + 61. Suppose -5*o = 3*z - 132, -2*z - 4*o = -88 - 2. Let g be z/15 - 2/(-5). What is the greatest common divisor of g and a?
3
Suppose -2*p = 4*n - 6, -3*n + 0*n + 7 = 4*p. Suppose 0 = -3*a + 17 + 7. Calculate the highest common divisor of n and a.
1
Let l(f) = 3*f**2 + 4*f + 3. Let k(s) = s**3 + 3*s**2 - s + 3. Let h be k(-3). Let a be l(h). What is the highest common divisor of a and 15?
15
Let i(q) = 2*q**2 + q + 51. Let t be i(0). Calculate the greatest common divisor of t and 34.
17
Suppose 5*p - 111 - 9 = 0. Calculate the highest common factor of p and 192.
24
Let p(l) = -7*l + 86. Let m be p(12). What is the greatest common factor of 42 and m?
2
Let g(a) = 96*a + 12. Let l be g(1). Calculate the greatest common factor of 54 and l.
54
Suppose -3*l = -104 + 68. Calculate the greatest common factor of 4 and l.
4
Let s = 7 - 2. Let q = -3 + 3. Suppose q*m + m = 1. Calculate the highest common factor of s and m.
1
Let i = 1 - -1. Suppose -4*m = -0*m - 20. Calculate the highest common divisor of i and m.
1
Suppose -302 - 26 = 4*b. Let r = b - -199. Suppose 0 = 3*j - 3, -2*y + 0*j - 2*j = -28. Calculate the greatest common divisor of r and y.
13
Let i(j) = -j**2 - j - 21. Let a be i(0). Let p be (-6)/a - (-1336)/28. What is the greatest common divisor of 16 and p?
16
Let d(g) = -5*g**3 - 2*g**2 + 2*g + 2. Let z be d(-2). Calculate the highest common divisor of 240 and z.
30
Suppose -2*b + 0*b - 60 = 0. Let x be b/4*40/(-15). Suppose 2*n - 3*s = x, n + s - 7 = 4*s. What is the highest common divisor of n and 91?
13
Let t(k) = -212*k - 2. Let v be t(-1). Let l = v - 114. What is the highest common factor of 12 and l?
12
Let d be (-212)/(-12) + (-2)/(-6). What is the highest common factor of 45 and d?
9
Suppose -14*h = h - 15. What is the greatest common divisor of h and 3?
1
Let u(j) = -j**2 - 8*j - 7. Let c be u(-5). Suppose -3*l = -55 - c. Let f = 5 - -2. Calculate the highest common divisor of l and f.
7
Suppose 2*a + 2 + 6 = 2*r, -22 = 3*a - 5*r. Let p(g) = 35*g**3 + g**2 - 1. Let h be p(a). What is the greatest common factor of 7 and h?
7
Let c be 7/2 + (-2)/(-4). Suppose 3*z + 12 = c*z. What is the greatest common factor of z and 60?
12
Let a be 2/4 + 90/12. Let k be (-2)/(-1) + -2 + a. Calculate the highest common factor of k and 2.
2
Suppose 4*o = 3*g - 33, 5*g + o + o = 81. Calculate the greatest common divisor of 60 and g.
15
Suppose -4*q + 56 = -124. What is the greatest common divisor of 15 and q?
15
Suppose -23 = -u + 4*l - 5, -l + 3 = 0. Suppose -5*n + 10*n = u. Suppose -2*v = -n*v + 24. What is the highest common divisor of v and 24?
6
Let i be 21/(2 + -2 - -1). Suppose -5*s + 5*h = -s - 48, -s - 2*h - 1 = 0. What is the highest common factor of s and i?
7
Let p be (1 - (-13)/(-5))*(-49 - 6). Calculate the highest common divisor of 8 and p.
8
Let r(t) = 2*t + 2. Let q be r(1). Calculate the greatest common factor of 6 and q.
2
Suppose -2*x = -4*x + 6. Suppose 0*n - z = n - 3, -5*z - 9 = -n. Suppose o - 45 = 2*h - n*h, 0 = -4*h + 3*o + 105. What is the highest common factor of h and x?
3
Let r(d) = -d**2 - d + 2. Let x be r(0). Let t be 135*1 - -3 - x. What is the greatest common factor of 17 and t?
17
Let c(j) = 26*j**2 + j. Let f be c(1). Let s = f - 1. Let x(m) = 11*m**2 + 14*m - 59. Let o be x(5). What is the highest common divisor of s and o?
26
Suppose 2*t = 27 + 61. Calculate the greatest common divisor of 220 and t.
44
Suppose x = 10 + 4. What is the greatest common factor of x and 140?
14
Let y(z) = z**2 - 2*z + 3. Let f be y(6). Suppose 3*x + 5*v = f, -v = 5*x - 33 - 34. Suppose -2*t + t = -7. Calculate the highest common factor of t and x.
7
Suppose -6*f = -7*f. Suppose -5*w = -f*w - 4*o - 585, 3*o = 0. What is the greatest common factor of 13 and w?
13
Let i = 11 + -8. Suppose -14 = -2*g - 4*r, 7 + 7 = 2*g - i*r. Let s = 3 - 2. Calculate the greatest common divisor of s and g.
1
Let b be (-1)/3 + 908/(-12). Let g be b/(-2)*(-4)/(-8). What is the greatest common divisor of g and 152?
19
Let t = 54 - 12. What is the greatest common divisor of 6 and t?
6
Let n(p) = p**2 + 23*p + 32. Let y be n(-23). What is the highest common factor of y and 160?
32
Let i(j) = -j**2 + 11*j + 5. Let x be i(11). Suppose 0 = -x*r - 3*z + 101, 1 = -3*r - 2*z + 61. Calculate the highest common factor of r and 33.
11
Suppose 3*w + 4*i - 18 = 0, 0*i - 2*i + 30 = 5*w. Let m be (-4)/w - 56/(-12). Let n = 7 + -3. Calculate the greatest common divisor of n and m.
4
Suppose 9*j = 6*j + 348. Calculate the highest common divisor of j and 29.
29
Let u(f) = -6*f**3 + f. Let l be u(-1). Suppose 0 = -2*o + 149 + l. Calculate the greatest common divisor of 11 and o.
11
Suppose 4*c = -4*p + 20, -2*p + 4*c + 7 = 27. Suppose p = v - 4 - 16. Let u = v + -12. What is the highest common factor of u and 8?
8
Suppose -380 = -h - 4*h. Let u = 132 - h. Calculate the greatest common factor of u and 8.
8
Suppose 0 = -4*b + 135 - 119. Let y(p) = p**3 - 7*p**2 + 7*p + 2. Let k be y(6). What is the greatest common factor of k and b?
4
Let h = -73 + 88. Calculate the highest common factor of 120 and h.
15
Let u = -3 + 17. Let s be -3*(48/9)/4. Let o be 4/(s + 114/28). Calculate the greatest common divisor of u and o.
14
Suppose 0 = 5*m + 2*s - 65, m + 2*s + 2 = 7. What is the highest common factor of 6 and m?
3
Suppose 3*t + 12 = 0, 4*t = 5*d + 5*t - 16. What is the highest common divisor of d and 14?
2
Let n = 17 -